be the second derivative of a(b). Calculate s(-7).
-9
Let t(i) = 3*i**2 - 2*i - 1. Suppose -3*a = 5*d - 10, 0 = -2*a + 9 + 1. Let o(b) = -b**2 + b - 1. Let z(u) = d*o(u) - t(u). What is z(-3)?
-19
Suppose 115 - 33 - 30 = -13*g. Let z(m) = -15*m + 15. Calculate z(g).
75
Let s(u) = -3 - 3 + 35 - 30 + 5*u. Give s(3).
14
Let c = -65 - -70. Suppose 28*b - 29*b + c = 0. Let h(l) = -l**2 + 5*l + 5. Give h(b).
5
Let o(m) be the second derivative of -m**3/6 + m**2 - 2*m. Suppose -3 = 2*p - 9. Suppose c + 3*g + 3 = 2*c, -3*g - p = -4*c. What is o(c)?
2
Let c(z) = 2*z**3 - 14*z**2 - 9. Suppose -4*f + 28 = -0*o - 5*o, -f + 5*o = -7. Let v be c(f). Let w(k) = -k**3 - 8*k**2 + 9*k - 5. Determine w(v).
-5
Let r(s) = -s**3 + 13*s**2 - 22*s - 10. Suppose -22*q = 87 - 329. Give r(q).
-10
Let b(k) = -5*k - 100. Let m(g) = -12*g - 234. Let u(c) = 7*b(c) - 3*m(c). Let i be (-3)/(-6)*(-2 + 6). Let l be -2 + (-2 + i - -2). Calculate u(l).
2
Let b(d) = 25*d**2 + 2*d - 54. Let l(g) = -8*g**2 - g + 21. Let t(z) = 6*b(z) + 19*l(z). Give t(-9).
-24
Let s(c) = -1. Let k(w) = 5*w - 10. Let v(f) = k(f) - 2*s(f). Let u = -8909 + 8918. Calculate v(u).
37
Let g(i) be the third derivative of 0*i + 67*i**2 - 1/15*i**5 + 0*i**3 - 1/120*i**6 + 0 + 1/12*i**4. Let v be ((-6)/(-4))/((-9)/24). What is g(v)?
-8
Let f(j) = 30*j - 12. Let c(m) = 11*m - 4. Let r(u) = -8*c(u) + 3*f(u). Let y = -3 - -8. What is r(y)?
6
Let c(x) = 42*x - x + 7*x - x - 27*x - x**2 + 51. Calculate c(22).
7
Suppose 0 = -9*y + y + 272. Suppose -3*h + 9 = 0, -x + y = 2*h + h. Let i(t) = -26 - t + 54 - x. Give i(6).
-3
Suppose 11*u = 6*u + 640. Let b = -130 + u. Let t(x) = x**2 - 4*x - 3. What is t(b)?
9
Let j(t) = -t. Let c(l) = -12*l + 12. Let x(k) = -c(k) + 9*j(k). Let g = -5629 + 5637. Give x(g).
12
Let m(a) = 7*a + 45. Let j(i) = -30*i - 195. Let h(v) = -6*j(v) - 26*m(v). What is h(-10)?
20
Let d be 172/60 - (56/30 + -2). Suppose d*w + 3 = -3*r, -3*w - 4*r - 2 - 5 = 0. Let h(y) = y**3 - 3*y**2 + 4. Give h(w).
4
Let z(q) = -2*q**3 + 101*q**2 - 213*q**2 + 99*q**2 + 2*q - 6*q - 17 - 5*q. What is z(-5)?
-47
Let u be -3 - 6*(-5)/10. Suppose 2*n = n - 4*l + 14, l = 2. Let q(z) = -z**2 + n*z**3 + 11 + 1 - 6*z**3 - z**3. Determine q(u).
12
Let v = -13 + 22. Let u(x) = -3*x**2 + 42*x - 42. Let f be u(13). Let d = v + f. Let t(c) = c**3 - 6*c**2 - c - 4. What is t(d)?
-10
Let i(t) = 6*t + 25238 - 25240 + t**3 + t + 4*t - 12*t**2. Determine i(11).
-2
Let d(w) = -10*w**2 - 18*w + 36. Let t(y) = 3*y**2 + 4*y - 11. Let n(a) = -2*d(a) - 7*t(a). Determine n(8).
5
Let n(v) = v - 2. Let s be n(8). Let z(a) = 8*a**2 + 2. Let q(b) = 17*b**2 - 7*b + 13. Let u(w) = q(w) - 2*z(w). Give u(s).
3
Let x(r) be the third derivative of -5*r**4/24 + 2*r**3/3 + 1615*r**2. What is x(-7)?
39
Let h(w) = w**2 + 15*w + 30. Suppose 1033*n = 1063*n + 90. Determine h(n).
-6
Let s(r) = r**2 + 8*r - 49. Let g be s(-11). Let c(a) = a**3 - 2*a**2 + a + 1. Let t(v) = -4*v**3 - 10*v**2 - 3*v. Let h(m) = -3*c(m) - t(m). Determine h(g).
-3
Let q be (-4)/(-14) + (-24816)/3948. Let z(s) = 12*s**2 + 73*s + 7. Determine z(q).
1
Let y(m) = 2*m + 49. Suppose -3*n = j + 6, 0 = -1085*j + 1081*j + 2*n - 66. What is y(j)?
19
Let p(f) be the first derivative of f**2/2 + 2*f - 4. Let n = -183 - -178. Determine p(n).
-3
Let d(u) = 9*u**3 - 19*u**2 - 3*u + 16. Let l be d(6). Let w(m) = -4*m + m**2 - l + 1247 + 6*m. What is w(-5)?
4
Let x be ((-6)/5)/((-5)/(125/10)). Let u(j) = 0 + 0 + 4*j - j**2 - x - j**2. Let d(y) = -y**2 - 1. Let i(t) = -3*d(t) + u(t). Determine i(-5).
5
Let q(w) be the third derivative of -w**6/120 - w**4/12 + w**3/6 + 480*w**2. Determine q(2).
-11
Let q(z) = z + 12. Let n(k) = 10*k - 5*k - 6*k - 13. Let o(j) = -6*n(j) - 7*q(j). Determine o(-5).
-1
Let q(t) = -t**2 + 6*t - 10. Let a be q(3). Let j be 96 + -3 - (-3 + 2 + a). Let s = -88 + j. Let g(b) = -b**3 + 7*b**2 - 9. Calculate g(s).
-9
Let k(a) be the third derivative of a**5/60 + a**4/3 + 3*a**3/2 - a**2. Suppose 0 = -4*l + 6*l + 4*o + 694, 3*o + 1053 = -3*l. Let v = l + 349. What is k(v)?
-3
Let o(y) = -5*y - 10. Let m(b) = 11*b - 250. Let z be m(28). Suppose -z = 44*j + 74. Calculate o(j).
5
Let b(d) be the third derivative of d**5/60 + 7*d**4/24 + d**2. Let j be -7*4*(-4 - 102/(-24)). Calculate b(j).
0
Let a(n) be the first derivative of -5/2*n**2 + 4*n - 149 - 2/3*n**3. Calculate a(-4).
-8
Suppose -8*t = 9 + 31. Let a be ((-3)/t - 1)/(38/(-285)). Let h(p) = -p**3 + 3*p**2 + 4*p - 4. Give h(a).
8
Let n(p) be the first derivative of p**6/40 + p**5/30 - p**2/2 + 5*p + 54. Let v(i) be the second derivative of n(i). Give v(-2).
-16
Let m(a) = -11*a**2 + 3*a - 2. Let f be (-18)/11*506/(-69). Suppose f*j - 7 = 5. Give m(j).
-10
Let v(n) = n**2 + 5*n - 7. Let i(m) = -m**2 - 15*m + 11. Let w = -37 + 21. Let p be i(w). Let g be v(p). Let d(a) = -a**2 - 8*a - 5. Determine d(g).
2
Suppose -5*x = -1635 - 140. Let y = -355 + x. Let k(i) = i**3 - 5*i**2 + 4*i + 15. Let b(n) = -n**2 + n. Let d(j) = 5*b(j) - k(j). Calculate d(y).
-15
Let n(q) = 13*q + 146153 - 146201 - 5*q. Determine n(4).
-16
Suppose a = -2*i + 93 - 82, 3*i = -3*a + 24. Let z(d) = -d - 4. Calculate z(a).
-9
Let z(l) be the first derivative of -3*l**2/2 + 10*l - 2512. Determine z(10).
-20
Let a(r) = -47*r**3 + 22*r**2 - 43*r - 3. Let k(g) = 17*g**3 - 9*g**2 + 14*g + 1. Let l(p) = 4*a(p) + 11*k(p). Determine l(-9).
-1
Let l(q) = 2*q**2 - 1. Let d = 5563 - 5555. Let r = 8 - 5. Suppose -2*i + 6 = 5*u, 3*i = r*u + 2*i - d. Give l(u).
7
Let t(o) = -6*o + 21. Let f(x) = 11*x - 39. Let r(g) = 4*f(g) + 7*t(g). Let l(u) = -u**2 - 3. Let d(m) = 4*l(m) - r(m). Determine d(-1).
-5
Let x(m) = m**2 + m - 1. Let a(t) = -4*t**2 - 5*t + 5. Let y(s) = a(s) + 3*x(s). Suppose -5*w - 5 = -g, 2*w = -w + 2*g - 10. Calculate y(w).
2
Let r(h) = -15*h - 114. Let d = -20346 + 20339. Give r(d).
-9
Let c = 835 - 841. Let d(j) = -j**3 - 11*j**2 + 14*j + 10. Let b(p) = p**2 - p - 1. Let x(v) = 6*b(v) + d(v). Give x(c).
-8
Let t(c) = 7*c**2 + 14*c + 14. Let w = 28 - 22. Let i(l) = l**2 + l + 1. Let g(r) = w*i(r) - t(r). Determine g(-8).
-8
Suppose -12*u + 1059 + 141 = 0. Let g = -104 + u. Let y(s) = s**3 + s - 1. Let r(o) = -3*o**3 - 3*o**2 + 2*o. Let p(d) = -r(d) - 2*y(d). Calculate p(g).
2
Let m = 32 - 26. Let l(f) = -31*f + 4. Let k(c) = 88*c - 11. Let g(v) = -6*k(v) - 17*l(v). Give g(m).
-8
Let v be ((-171)/(-38))/(24/(-64)) + -10. Let p(n) = n**3 + 22*n**2 - 2*n - 28. Calculate p(v).
16
Let r(v) = v**3 - 37*v**2 - 5*v + 184. Let q be (74/19)/((-332)/(-3154)). What is r(q)?
-1
Let x = 4863 - 4862. Let u(p) = 1 - p - 36*p**2 - 2*p**2 - p. Calculate u(x).
-39
Let j(d) = 7*d + 3*d**2 + 2 - 2*d**2 - 3*d. Suppose 4*k - 3*i + 26 = 0, -2*i + 14 = 13*k - 15*k. Calculate j(k).
7
Let f be (-9 - 42/(-3)) + 472/(-96). Let j(i) be the third derivative of 0 - f*i**5 + 0*i**3 + 1/120*i**6 + 0*i + 1/12*i**4 - 22*i**2. What is j(4)?
-8
Let z(u) = 7251*u**2 - 90*u - 7240*u**2 + u**3 + 82*u + 52. What is z(-12)?
4
Let j = 434 + -430. Suppose -j*m = -m + 5*d + 1, 3*d = 5*m + 13. Let t(g) = -2*g**2 - 2*g + 2. Give t(m).
-2
Let s(n) = -4*n + 10. Suppose -3*r - 4*z = -7*r - 24, 2*r - 12 = -4*z. Determine s(r).
18
Let t(l) = 3*l**2 - 95*l + 50. Let p(r) = 42*r + 535. Let u be p(-12). Give t(u).
-12
Let b(x) be the first derivative of 79*x**4/4 + x**2/2 + 826. What is b(-1)?
-80
Let m(f) = -24743*f + 0*f**2 - f**2 + 24741*f + 2 - 5. What is m(-5)?
-18
Let m = 27958 + -27956. Let d(y) = 20*y**2 - 23*y + 9. Let b(o) = 7*o**2 - 8*o + 3. Let h(z) = -11*b(z) + 4*d(z). Determine h(m).
7
Let n(g) = g**2 + 16*g + 70. Suppose -47*s - 375 = -101 + 102. Give n(s).
6
Let g(n) be the third derivative of n**6/120 + 11*n**5/60 - 5*n**4/24 - 14*n**3/3 + 3*n**2 - 173. Calculate g(-11).
27
Let w(o) = o**3 + o**2 + 4*o + 7. Let a be w(5). Let p(q) = -q - 5*q - a + 7*q + 171. What is p(7)?
1
Let z(c) = -3*c - 12. Let l(t) = 108*t - 196. Let o be l(2). Determine z(o).
-72
Let y(k) = -k**2 + 10*k + 46. Let a(u) = 723*u + 11565. Let w be a(-16). What is y(w)?
7
Let b = 89619 + -89622. Let m(t) = 7*t. Let f(o) = -15*o. Let y(z) = -6*f(z) - 13*m(z). What is y(b)?
3
Let q(g) = g**3 + 10*g**2 + 6*g - 20. Let s(l) = l**2 - 9*l - 1249. Let w be s(-31). Calculate q(w).
7
Let y(s) = s**3 + 4*s**2 - 11*s + 7. Let q = 5